
What is the greatest common factor of 673275 and 2115?
705
Calculate the greatest common factor of 16280 and 6919.
407
Calculate the greatest common factor of 3755 and 801317.
751
What is the greatest common divisor of 6490 and 242726?
1298
What is the highest common factor of 461384 and 88?
88
What is the highest common factor of 62 and 276923?
31
Calculate the highest common divisor of 588462 and 60.
6
What is the highest common divisor of 708 and 1919388?
708
What is the highest common divisor of 7176 and 4439?
23
Calculate the greatest common factor of 440 and 56408.
88
Calculate the greatest common factor of 28368 and 1.
1
Calculate the highest common factor of 440745 and 45.
15
Calculate the highest common factor of 1395 and 914655.
465
Calculate the highest common factor of 13912 and 962.
74
Calculate the highest common divisor of 1242 and 84654.
18
Calculate the greatest common factor of 985077 and 54.
9
What is the highest common factor of 27804 and 2324?
28
Calculate the greatest common divisor of 56938 and 7553.
581
What is the highest common divisor of 266626 and 464?
58
What is the highest common divisor of 11032 and 35?
7
Calculate the greatest common factor of 18 and 8163.
9
Calculate the highest common divisor of 1242 and 16353.
207
What is the highest common factor of 8058 and 1326?
102
Calculate the highest common divisor of 1228267 and 51.
17
What is the highest common factor of 27797 and 638?
11
Calculate the highest common factor of 7614 and 9.
9
Calculate the greatest common divisor of 3465 and 189.
63
What is the highest common divisor of 12 and 47058?
6
Calculate the highest common divisor of 156 and 8307.
39
Calculate the highest common factor of 550 and 766550.
50
What is the greatest common factor of 60 and 168075?
15
What is the highest common factor of 3915 and 650760?
435
Calculate the highest common divisor of 7094 and 274.
2
What is the highest common divisor of 94109 and 1?
1
Calculate the highest common factor of 2007200 and 975.
325
Calculate the highest common divisor of 1107945 and 849.
849
What is the highest common divisor of 11160 and 1080?
360
What is the highest common divisor of 39130 and 8645?
455
What is the greatest common factor of 36 and 155460?
12
What is the greatest common factor of 540 and 7716?
12
What is the highest common factor of 6119 and 16153?
29
What is the greatest common divisor of 30537 and 324?
81
Calculate the highest common divisor of 8 and 93916.
4
Calculate the highest common divisor of 10152 and 329.
47
What is the highest common factor of 1102 and 6536?
38
What is the highest common factor of 2509295 and 62?
31
What is the greatest common factor of 11160 and 495?
45
Calculate the highest common divisor of 2346 and 2550.
102
Calculate the highest common divisor of 2375 and 64220.
95
What is the greatest common factor of 731 and 49837?
43
What is the greatest common divisor of 150 and 383550?
150
What is the greatest common factor of 183 and 4791?
3
What is the greatest common factor of 149976 and 8?
8
Calculate the greatest common factor of 280 and 19544.
56
Calculate the greatest common divisor of 32128 and 12.
4
Calculate the highest common factor of 3764 and 102569.
941
What is the highest common divisor of 26950 and 30?
10
What is the greatest common divisor of 372163 and 253?
253
What is the greatest common factor of 394 and 905412?
394
Calculate the highest common divisor of 21 and 417326.
7
Calculate the highest common factor of 1875762 and 252.
126
What is the highest common divisor of 1764 and 27594?
126
Calculate the greatest common factor of 396 and 1804.
44
Calculate the highest common divisor of 120 and 425110.
10
Calculate the highest common factor of 742 and 20723.
53
What is the highest common divisor of 2167 and 23969?
11
Calculate the highest common factor of 7910 and 560.
70
Calculate the highest common divisor of 62336 and 6331.
487
What is the greatest common factor of 18 and 150507?
9
What is the greatest common divisor of 1756971 and 81?
81
What is the highest common divisor of 2856 and 474810?
714
Calculate the greatest common factor of 665 and 7805.
35
What is the greatest common factor of 33350 and 675?
25
Calculate the greatest common factor of 19 and 29773.
19
What is the greatest common factor of 29 and 31721?
1
Calculate the highest common factor of 29189 and 707.
101
What is the highest common factor of 334 and 2382088?
334
What is the greatest common divisor of 4727 and 33959?
29
What is the highest common divisor of 747 and 99?
9
Calculate the greatest common factor of 933854 and 1384.
346
Calculate the highest common divisor of 37931 and 498.
83
What is the greatest common divisor of 9275 and 2800?
175
Calculate the highest common divisor of 31400 and 30.
10
What is the greatest common divisor of 72 and 406584?
72
What is the highest common divisor of 1022 and 2701?
73
What is the greatest common divisor of 262 and 2279531?
131
Calculate the highest common factor of 897 and 2553.
69
What is the greatest common factor of 5966 and 532?
38
What is the highest common divisor of 18 and 67077?
9
What is the greatest common factor of 102564 and 44?
44
What is the greatest common divisor of 3336 and 3714?
6
What is the highest common divisor of 280 and 294280?
280
Calculate the greatest common divisor of 32 and 46688.
32
Calculate the highest common factor of 194 and 3943.
1
Calculate the highest common factor of 1501 and 19.
19
What is the highest common divisor of 430 and 112445?
215
What is the highest common divisor of 51 and 28033?
17
What is the greatest common divisor of 115 and 1656230?
115
Calculate the highest common factor of 6603 and 5022.
93
What is the greatest common divisor of 3172 and 86620?
244
Calculate the greatest common divisor of 5844 and 516.
12
Calculate the highest common divisor of 1065 and 227697.
213
Calculate the highest common factor of 23 and 2545.
1
Calculate the highest common divisor of 9295 and 165.
55
Calculate the greatest common divisor of 1587816 and 54.
54
Calculate the highest common divisor of 100 and 79150.
50
Calculate the greatest common divisor of 1094109 and 2906.
1453
What is the greatest common divisor of 637182 and 117?
117
Calculate the highest common factor of 531 and 61659.
9
Calculate the highest common divisor of 6261 and 12.
3
Calculate the highest common divisor of 2352 and 280.
56
What is the greatest common divisor of 4578 and 4616150?
1526
Calculate the greatest common factor of 4080 and 1904.
272
Calculate the greatest common divisor of 111755 and 28.
7
What is the highest common factor of 6187578 and 114?
114
What is the highest common divisor of 499 and 141?
1
What is the highest common divisor of 35 and 58499?
7
Calculate the highest common divisor of 396 and 37980.
36
What is the highest common divisor of 1996 and 105289?
499
What is the greatest common divisor of 294 and 25494?
42
Calculate the highest common factor of 906416 and 224.
112
What is the highest common divisor of 9798 and 20448?
426
Calculate the highest common divisor of 33 and 16392.
3
Calculate the greatest common divisor of 1488 and 22413.
93
Calculate the greatest common divisor of 2196 and 4636.
244
Calculate the greatest common factor of 1564075 and 25.
25
What is the highest common factor of 1172 and 9477964?
1172
Calculate the highest common divisor of 722 and 208031.
19
Calculate the highest common divisor of 217 and 12989.
31
What is the highest common factor of 88441 and 295?
59
Calculate the highest common factor of 605 and 21065.
55
What is the highest common factor of 134 and 539618?
134
Calculate the highest common factor of 56811 and 2088.
87
What is the highest common factor of 8865563 and 329?
329
What is the highest common divisor of 14 and 33173?
7
What is the highest common factor of 9223 and 115?
23
Calculate the greatest common divisor of 13461090 and 30.
30
Calculate the highest common factor of 2519 and 3916.
11
Calculate the highest common divisor of 173440 and 3200.
640
Calculate the greatest common divisor of 8345 and 5.
5
Calculate the greatest common divisor of 13608 and 7488.
72
What is the highest common divisor of 1075 and 41125?
25
What is the greatest common divisor of 34258 and 7